 - -84. Calculate the remainder when r is divided by l.
12
Let z(f) = -2*f**2 + 37*f - 10. What is the remainder when 150 is divided by z(18)?
6
Let t(a) = 53*a - 303. Calculate the remainder when (0 - (-118)/8)*4 is divided by t(6).
14
Let b = -15 + 25. What is the remainder when 17 is divided by b?
7
Let g(y) = y**2 - y + 4. Let k be 1/(-2*1) - 9345/(-70). Suppose -k = 3*x - 418. Calculate the remainder when x is divided by g(5).
23
Let l(q) = 4*q**3 + 3*q**2 + 3*q + 2. Let f be l(-2). Let h be 2/(-2 - 46/f). Let y = 1 - h. Calculate the remainder when y is divided by 14.
11
Let p(v) = -v + 11. Suppose -6 = -2*l + 3*s, 2 = 2*l - s - 0*s. Calculate the remainder when (-168)/(-9) + (-1)/(-3) is divided by p(l).
8
Suppose -k = -15 - 0. Suppose 0*c - 16 = -2*c. What is the remainder when k is divided by c?
7
Let h(m) = -3*m - 6. Let y be h(-3). Let i = 11 - y. Calculate the remainder when 21 is divided by i.
5
Let b(m) = 20 + 5*m + m**2 - 4*m**2 - 3 + 4*m**2. Let y be b(-8). Let r = 73 - y. What is the remainder when 125 is divided by r?
29
Suppose 5*f - 57 = 43. Suppose -20 = -4*p + f. Let w = -62 - -89. What is the remainder when w is divided by p?
7
Suppose -y - 168 = -5*p + 3*y, 5*p + 2*y - 186 = 0. Let v = p - 18. Calculate the remainder when v is divided by 12.
6
Let z = 71 + -51. Let o(r) = -r. Let a be o(-1). What is the remainder when 1 + 78*a - 1 is divided by z?
18
Let n be -2 + 5 + -1 + -40. Suppose -4*o - w + 21 = 0, 0 = -2*o - 3*o - 5*w + 45. What is the remainder when n/(-6) - (-4)/6 is divided by o?
3
Suppose -3*k = -4*v + 104, k + 4 = 2*k. Calculate the remainder when v*5 + 1 + -2 + 0 is divided by 21.
18
Suppose 575 = 12*m - 289. Let q = 87 - m. Calculate the remainder when (-3)/6 - 230/(-4) is divided by q.
12
Let w(i) = -7*i - 9. Let g(c) = 8*c + 9. Let o(u) = -5*g(u) - 6*w(u). Calculate the remainder when 121 is divided by o(11).
28
Suppose 5*i - 2358 = -5*j + 9*i, -5*j - 4*i = -2342. Calculate the remainder when j is divided by 43.
40
Suppose -2*c - w - 18 = c, 5*c + 30 = -3*w. Calculate the remainder when (c - -7) + 142 + -1 is divided by 36.
34
Suppose 0*a = -5*a + 15. Suppose -37*u + 44 = -26*u. Suppose -u*y - 8 = -5*y. Calculate the remainder when y is divided by a.
2
What is the remainder when ((-340)/(-102))/(1/123) is divided by 7?
4
Let v(l) be the second derivative of -l**4/12 + 17*l**3/6 + 9*l**2/2 - 2*l. Let g be v(16). Let w = 29 - g. What is the remainder when 6 is divided by w?
2
Suppose -i + 103 = -119. Calculate the remainder when i is divided by 25.
22
Let l be -10*(-5 - (-72)/15). Suppose -168 = -5*p + 4*q + 17, -5*p + l*q + 195 = 0. Calculate the remainder when p is divided by 21.
20
Suppose -34 = -0*x - x - w, -3*w = -9. What is the remainder when x is divided by 19?
12
Let v = 140 - 115. Calculate the remainder when 141 is divided by v.
16
Let g(x) = -x**2 + 8*x + 1. Calculate the remainder when 127 is divided by g(5).
15
What is the remainder when (18 - (-1840)/24) + (-1)/(-3) is divided by 32?
31
Let g = 369 + -246. Suppose 124*q - 22 = g*q. What is the remainder when 87 is divided by q?
21
Let b(q) = 3*q + 11. Let z be b(-13). Let v(g) = -g**3 - 3*g**2 + 8*g + 3. Calculate the remainder when v(-6) is divided by -3 + z/(-12)*15.
31
Let v(f) = 5*f**2 - f + 1. Let g be v(1). Suppose 4*d - g*p = 130, d + p = 5*d - 122. What is the remainder when d is divided by 17?
13
Let r = 75 - 71. Suppose -96 = -4*z + 5*g + 325, 5*z = r*g + 533. What is the remainder when z is divided by 22?
21
Suppose -23*j + 70 = -21*j. What is the remainder when 77 is divided by j?
7
Let b(n) = n**3 + 17*n**2 + 12*n - 50. Calculate the remainder when 109 is divided by b(-16).
11
Let y = 161 - 99. Let p(q) = -7*q - q + 9 + 2*q**2 - 3*q**2. What is the remainder when y is divided by p(-7)?
14
Let a(n) = -n**2 + 8*n + 1. Let d = 12 - 7. Calculate the remainder when a(d) is divided by 2/(-12) - 296/(-48).
4
Let t(q) be the third derivative of -q**6/120 - 13*q**5/60 - q**4/12 - 8*q**3/3 + 12*q**2. Calculate the remainder when 17 is divided by t(-13).
7
Suppose -22 = -o - 3. Suppose 5*i - 132 - 134 = 4*b, -4*b + 58 = i. What is the remainder when i is divided by o?
16
Let o(k) = k**2 - 6*k - 2. Let j be o(6). Calculate the remainder when (-8 - 39)/(j/4) is divided by 24.
22
Suppose 3*t - 25 - 140 = 0. What is the remainder when t is divided by 3 + -2 - (-1)/(1/7)?
7
Suppose -3*u = 3*u - 1032. Suppose -6*g = -11*g - 2*r + u, 0 = -g + 3*r + 48. What is the remainder when (-42)/4*(-120)/g is divided by 19?
16
Let x(g) = -4*g + 22. Suppose 0 = 5*s - 4*s - 0*s. What is the remainder when x(s) is divided by 5?
2
Let p = -2 - -83. What is the remainder when p is divided by 59?
22
Let p = 55 + -49. What is the remainder when 6 is divided by -1 - p/((-12)/10)?
2
Let j(a) = -2*a - 4. Let x be j(-3). Suppose 5*r + 4*m = -0*r + 168, -x*m = -r + 28. Let d(o) = -16*o + 1. What is the remainder when r is divided by d(-1)?
15
Let n = 25 + -11. What is the remainder when 701/19 + (-28)/(-8)*28/931 is divided by n?
9
Let j = 12 - 10. Suppose 0 = 2*s + 5*k - 18, -3*k = -0*s - 2*s + j. Suppose s*z = -0*z + 64. What is the remainder when 61 is divided by z?
13
Let r = 1499 - 1212. Calculate the remainder when r is divided by 84.
35
Suppose 0 = -4*g - 14*g + 738. Calculate the remainder when g is divided by 3/(-4) + (-405)/(-60).
5
Let a = 0 - 15. Let g = 28 + a. Calculate the remainder when 37 is divided by g.
11
Let z = 161 - 74. What is the remainder when z is divided by 15?
12
Let a = 3419 + -3351. Let z = -12 - -30. What is the remainder when a is divided by z?
14
Let m(a) = 18*a**2 + 8*a - 15. What is the remainder when m(-6) is divided by 49?
46
Suppose 38*g - 90 = -3*r + 33*g, -2*r + 5*g = -85. Calculate the remainder when 80 is divided by r.
10
Suppose -g = 4*j + 121, 2*g + 4*j = -69 - 185. Let q = -66 - g. Calculate the remainder when q is divided by 18.
13
Suppose 4*l + 24 = 2*g, -5*g + 93 = -4*l + 5*l. What is the remainder when 70 is divided by g?
16
Let a(g) = -3*g**2 - 32*g - 82. Let h = -22 + 32. What is the remainder when h is divided by a(-5)?
1
Let q be ((-3)/2)/(12/(-16)). Let k = 1 + q. Calculate the remainder when -1*(0 + k) + 65 is divided by 16.
14
Suppose -48 = -4*q + c, -295 + 259 = -3*q + 4*c. What is the remainder when 492/7 - (-4)/(-14) is divided by q?
10
Suppose -10*s + 40*s = 45990. Calculate the remainder when s is divided by 96.
93
Suppose 0 = -2*s + 2*q + 18, -3*s + 0*q + 2*q + 26 = 0. What is the remainder when 269 is divided by s?
5
Suppose 3*b + 5*m - 37 = b, -3*b = 4*m - 45. Let i(h) = -h + 7. Let j be i(5). What is the remainder when (-1 - -1)/j - -54 is divided by b?
10
Let k(n) = -30*n + 35. Let y(u) = u**2 - 8*u + 3. Suppose 0 = -2*w + x + 27 - 12, -9 = -3*x. Calculate the remainder when k(0) is divided by y(w).
11
Suppose -5*m = -4*c + 545, 5*c - 672 = -12*m + 9*m. Calculate the remainder when c is divided by 9.
0
Suppose 2*t + 36 = -5*w, 30 = -5*w - 3*t - 2*t. Let h = w + 10. Suppose h*d - 26 = -2*g + 4*g, -5*d = 4*g - 65. Calculate the remainder when 77 is divided by d.
12
Suppose -4*a = -6*a + 2, 4*a + 76 = 5*n. Suppose 4*v + 0 = n. Suppose 6*t - 3*t + 5*b = -7, -3 = -3*t - 3*b. Calculate the remainder when t is divided by v.
2
Let x = 622 - 608. What is the remainder when 726 is divided by x?
12
Suppose 0 = 34*h + 10*h - 2816. What is the remainder when 78 is divided by h?
14
Let l(s) = -s**3 - 3*s**2 - s - 7. Let t = -7 + 17. Suppose u = t + 3. Calculate the remainder when l(-5) is divided by u.
9
Let y(q) be the first derivative of 7/2*q**4 - q - 1/3*q**3 + q**2 + 8. Calculate the remainder when y(1) is divided by 8.
6
Let r(v) = v**3 + 8*v**2 + 30*v + 147. Suppose -2*s = 5*h - 44 + 8, -3*s - 6 = 0. Calculate the remainder when r(-6) is divided by h.
7
Let q(s) = 17*s**2 - s. Suppose 8*v - 52 = 4*v. Suppose -v*c + 3 = -10*c. Calculate the remainder when q(c) is divided by 9.
7
Let r(a) = 2*a**2 - 3*a + 7. Suppose 0*d + 12 = 3*c + 4*d, 4*d + 36 = 3*c. What is the remainder when r(6) is divided by c?
5
Let w(r) = -r**3 + 10*r**2 - 15*r - 17. Let v be (12/10)/(8/60) - 2. What is the remainder when 47 is divided by w(v)?
22
Suppose -2*i = 1 + 3, 0 = 2*h - 2*i - 32. What is the remainder when h is divided by 